 170*n - 178. Let h be p(-84). Give x(h).
23
Let o(l) = -14*l**2 - 10*l + 15. Let q(h) = -17*h**2 - 10*h + 15. Let y(a) = 6*o(a) - 5*q(a). Calculate y(10).
15
Let d = -393 - -403. Suppose 64*g = 62*g - d. Let v(b) = 3*b + 2. What is v(g)?
-13
Let u(m) = 3*m + 31. Let p(f) = 2*f + 3. Let b(c) = 3*p(c) - u(c). Determine b(-6).
-40
Let x(a) = -a**3 + 7*a**2 - 3*a - 3. Suppose 0 = 2*d + 2*d + 4, 5*u - 4*d + 566 = 0. Let m be 2/6 - u/(-18). Let y = m + 12. Determine x(y).
15
Let f(b) = 2*b**3 + 8*b**2 + 9*b - 8. Let o be f(-2). Let q(l) = -l**3 - 10*l**2 - 5*l + 3. Determine q(o).
53
Suppose 4 = 2*v + 2*i, 38*v - 34*v + 5*i - 10 = 0. Let h(k) = v*k + 5 - 3*k - 4 - 2. Let z = -1 + -1. Calculate h(z).
5
Let y(t) = -2*t**3 + t**2 + 11*t - 6. Let a = 4237 + -4234. Give y(a).
-18
Let x(d) = 13 + 45*d - 198*d + 46*d + 51*d + 49*d. Determine x(1).
6
Let l be 4 + -9 + 0 + 6. Let s(q) = -3 - q**2 - 3*q**2 - 35*q**3 + l + 33*q**3 - 4*q. What is s(-2)?
6
Let s be (-4)/14 + 298/1043. Let q(n) be the third derivative of -2/3*n**3 + s + 1/120*n**6 + 1/12*n**4 + 0*n - 1/15*n**5 + 5*n**2. Determine q(3).
-7
Suppose -162*q + 692 = 44. Let p(u) be the second derivative of u**3/2 + 5*u**2/2 + 2*u. What is p(q)?
17
Let k(i) be the second derivative of i**3/6 - 7*i**2 + 737*i. What is k(3)?
-11
Let f be ((-1)/3 - 15/(-45))*-1. Suppose -3*j + 14 = -4*i, f = i + i - 3*j + 10. Let h(m) = m**2 + 4*m + 3. What is h(i)?
-1
Let v(d) = 7*d**2 - 7*d - 6. Suppose 223*x + 839 - 571 = -624. What is v(x)?
134
Let k(a) = 5*a**2 - a + 3. Let b(o) = 54*o**2 - 8*o + 18. Let x(z) = b(z) - 8*k(z). Give x(-2).
50
Let b = 1049 + -1055. Let u(y) be the second derivative of -y**4/12 - y**3/2 + 10*y**2 - 9*y. Calculate u(b).
2
Suppose -34 = 2*i - 2*f, 404 - 469 = -5*f. Let m(g) = -2*g**3 + g**3 - 6*g**2 + 2*g + 4 + 2*g**2. Calculate m(i).
-4
Let w(j) = 41*j + 358. Let h be w(-8). Let l be (-2)/(-9) - 4/18. Suppose l*i - h = 5*i. Let n(d) = d**3 + 7*d**2 + 6*d - 4. What is n(i)?
-4
Let m be 28 + (-4 - -4)/6. Let p(u) be the first derivative of 20*u - 8*u - u**2 - m - 11*u + 7*u**2. Give p(1).
13
Let z(o) = 223*o**2 + 2*o. Let n(b) = 1004*b**2 + 10*b + 1. Let d(m) = -2*n(m) + 9*z(m). Suppose 4*p = 4*g - 20, -3*p + g - 11 = p. Calculate d(p).
-2
Let t(g) = -43763 - g**2 - 3*g - 43819 + 87505 - 14*g. What is t(-11)?
-11
Let n(m) = m**3 - 3*m**2 + m + 3. Let a be n(3). Let c(l) = 2*l + 8 - l + a + 0*l. Suppose 2443 = -396*z - 1517. Calculate c(z).
4
Let m(f) = -7 + 3 - 3*f + 2*f. Suppose 5*y = -5, 0*v - 2*y = -2*v + 2. Suppose v = 388*l - 391*l. Give m(l).
-4
Suppose 49*x + 155*x - 1020 = 0. Let a(i) = i**3 - 5*i**2 + 2*i + 5. Calculate a(x).
15
Let o(d) be the first derivative of d**4/4 - 5*d**3/3 - 7*d**2/2 - 2*d - 324. Let l(t) = -t**2 - 7*t - 3. Let y be l(-6). Let r be y/(1/2 + 0). What is o(r)?
-8
Let c(u) = -27*u - 13. Let l(w) = -13*w - 9. Let k(r) = -5*c(r) + 8*l(r). Calculate k(-3).
-100
Let b(l) = -l + 30. Let u = 12312 - 12305. Calculate b(u).
23
Let m(z) = -36*z**3 + 103*z**3 - 5*z**2 - 68*z**3 + 4*z + 25. Determine m(-6).
37
Let b(y) = -3*y - 26. Suppose 19*l + 145 = -7. Give b(l).
-2
Let j(q) = 2*q + 203. Let f(z) = 8*z + 639. Let y(x) = 4*f(x) - 13*j(x). Determine y(8).
-35
Let c = 9 + -9. Suppose -5*h = -g - 3*g - 8, g + 2*h = 11. Let v(n) = c*n + 2*n**2 + 2 - n + g*n - 3. Give v(-3).
11
Let a(l) = -2*l**3 - 3*l**2 + 4*l. Let o be (-6)/(-21) - ((-23)/(-7) + -3). Let k(t) = -t**2 - 9*t - 3. Let y be k(o). Calculate a(y).
15
Suppose -l + z + 40 = 4*l, 5*l = -3*z + 60. Let w(n) = -144 - 3*n**3 - 7*n + 2*n**3 - l*n**2 + 151. Give w(-8).
-1
Let b(t) be the third derivative of -t**4/24 + 38*t**3/3 - 3*t**2 + 26*t. Calculate b(0).
76
Let k(j) = -11*j**3 - 5*j**2 + 6*j - 1. Let u be k(1). Let l(z) = 3*z**2 + 33*z - 1. Give l(u).
-1
Let y(h) = 4*h**3 - h**2 - 1. Suppose -15 = 5*q, 14*v - 6 = 11*v + 4*q. What is y(v)?
-37
Let s = -5765 - -5737. Let r(i) = -i**3 - 29*i**2 - 30*i - 47. What is r(s)?
9
Suppose -2*f = -5*c - 42, 0 = -2*f + 2. Let j be ((-81)/108)/(2/c). Let h(u) be the first derivative of u**3/3 - 3*u**2 + 3*u + 1. What is h(j)?
-6
Let z(f) = 6*f**3 - 8*f**2 + 17*f - 9. Let v(l) = -l**3 + l - 2. Let a(b) = -5*v(b) - z(b). Give a(3).
-2
Let a(r) = 5*r**2 + 14*r + 16. Let u(x) = -8*x**2 - 27*x - 33. Let z(g) = 5*a(g) + 3*u(g). Give z(16).
61
Suppose 3*p + 10 = p. Let r = p - -6. Let o(z) = -2 + 42*z - 80*z + 2 + 48*z. What is o(r)?
10
Suppose 0 = 2*a - 110 + 108. Let r(o) = o + 1. Let m(y) = 5*y - 24. Let b(q) = a*m(q) - 6*r(q). Let g(f) = f - 2. Let x be g(2). Calculate b(x).
-30
Let n(v) = 6*v - 114. Suppose 0 = 348*p + 347*p - 688*p - 147. Calculate n(p).
12
Let b(u) = -8*u + 34. Suppose -127*i = 224*i - 2106. Determine b(i).
-14
Suppose 28*j - 37 = 103. Suppose -k - 7 = 2*h, 4*k + 15 = 2*k - 5*h. Let l be k/(-3 + 20/j). Let d(n) = -2*n - 1. Give d(l).
9
Let c(m) be the second derivative of 1/60*m**5 - 1/2*m**3 + 0 + 7/24*m**4 + 16*m - 9*m**2. Let l(u) be the first derivative of c(u). What is l(-8)?
5
Let m(j) be the second derivative of j**5/10 - 5*j**4/4 + 7*j**3/6 + 6*j**2 - 23*j - 26. Determine m(6).
-54
Let o(h) = -h**2. Let s(b) = -b**3 + 4*b**2 - 5*b + 3. Let i(d) = 3*o(d) - s(d). Let a(l) = 7*l**2 + 2*l + 1. Let k be a(-1). Determine i(k).
-9
Let v(k) = 89*k + 5340. Let l be v(-60). Let o(q) be the second derivative of 1/2*q**2 + 1/20*q**5 - 34*q + 0*q**4 + l*q**3 + 0. What is o(0)?
1
Let y be -11 + 25 + -8 + -8. Let k(f) = -25*f - 3. What is k(y)?
47
Let n = 376 + -384. Let s(v) = 6*v**2 - 12*v + 2. Let a(f) = 5*f**2 - 11*f + 1. Let t(l) = 7*a(l) - 6*s(l). What is t(n)?
-29
Let b(m) = -4*m + 31. Suppose -3*q + 3*r = r - 23, -r - 22 = -3*q. Calculate b(q).
3
Suppose -39 = 65*k - 78*k. Let u(i) = i**2 + 4*i + 2. Let d be u(-4). Let y(c) = c**3 - 2*c**d + 6 - 16 + 8. Give y(k).
7
Suppose 14*a + 252 = -0*a. Let g be (a/15)/((-15)/50). Suppose -g*d - 6 = -18. Let u(v) = v**3 - 4*v**2. Calculate u(d).
-9
Let a(y) = -2*y**2 - y. Suppose 2*h - 4 = 3*g + 8, 2*h - 6 = 0. What is a(g)?
-6
Let k be (3/(-3))/((-23)/(-161)) - (-34)/2. Let q(f) = f**3 - f**2 + f - 1. Let b(r) = -5*r**3 + 15*r**2 - 13*r - 6. Let g(z) = b(z) + 4*q(z). Calculate g(k).
0
Let x(z) = -z**3 + 2*z**2 + 5*z + 3. Let i(v) = -558*v**3 + 2*v**2 - v - 2. Let d be i(-1). Let b(h) = 8 + 3 - d*h + 560*h. Let f be b(-7). What is x(f)?
-9
Let d(r) = 33*r + 272. Suppose -37 = 4*u + z, 2*u - 5*z - 77 = -68. Determine d(u).
8
Let r(v) = v + 1. Let p be r(0). Let j = 1347 + -732. Let s(a) = -3*a + 609*a**3 - j*a**3 + 4*a. What is s(p)?
-5
Let z(v) = -11466*v**3 - 37 - 5 + 11465*v**3 + 3*v - 6*v**2 + 8*v. Calculate z(-8).
-2
Let h(j) = -51*j**3 - 49*j**3 - 56*j**3 + j - 3 + j**2 + 207*j**3 - 52*j**3. Let s(u) = -u**3 + u**2 + 13*u - 21. Let r be s(3). Give h(r).
-3
Let t(w) = -w**2 - 15*w + 3. Let g be 138/(-5) + 9/15. Let o = 12 + g. Let p be t(o). Let a(r) = -2*r + 4. Give a(p).
-2
Let q(r) be the first derivative of 30 + 3/2*r**2 - 2*r. Calculate q(9).
25
Let q(z) be the third derivative of -7*z**4/12 - 2*z**3 - 1594*z**2. Give q(0).
-12
Let z(w) = -w**2 + 14*w + 22. Let y be z(15). Let q(v) be the first derivative of -v**4/4 + 8*v**3/3 - 4*v**2 + 6*v - 397. What is q(y)?
-1
Let j(v) be the first derivative of -7/4*v**4 + 1/3*v**3 + v + v**2 + 2. Let k = -2294 - -2293. Give j(k).
7
Let n(w) be the second derivative of -104*w + 0*w**3 - 1/20*w**5 + 1/12*w**4 + 0 - 3*w**2. Give n(0).
-6
Let d(i) = -i**2 + 9*i + 60. Let y = 7466 + -7471. Give d(y).
-10
Let s(b) = b**2 - 3*b - 118. Let g be -6*((-68)/408)/(3/(-27)). What is s(g)?
-10
Let l(r) be the third derivative of r**5/60 - 5*r**4/24 - 2*r**3/3 - 4108*r**2. What is l(3)?
-10
Let o(g) be the third derivative of 3*g**4/2 + 401*g**3/6 + 21*g**2 - 83. What is o(-11)?
5
Let z = -4793 + 4827. Let l(v) = -v**3 + 33*v**2 + 34*v - 20. Give l(z).
-20
Let c(s) be the third derivative of s**4/12 + s**3/6 + s**2. Let n(y) = -y**2 + 27*y - 5. Let j be n(23). Suppose 102 - j = 5*r. Determine c(r).
7
Let v(h) = -26*h**3 + 10*h**2 - 2*h + 9. Let i(j) = 35*j**3 - 9*j**2 + 3*j - 8. Let m(k) = -3*i(k) - 4*v(k). Determine m(-13).
1
Let x(u) = u**3 - 6*u**2 - 6*u + 7. Let y = -35714 + 35721. Give x(y).
14
Let z(j) be the second derivative of -5*j**4/12 + 23*j**3/6 - 13*j**2/2 + 2229*j